2. Let b = -8 + 5. What is the remainder when z is divided by (14/(-8))/(b/12)?
5
Let w = 172 - 170. Suppose c - 4*r = w*c - 34, -3*r = -c - 1. Calculate the remainder when 110 is divided by c.
12
Suppose 6*p = 15*p + 39*p - 1968. Calculate the remainder when 649 is divided by p.
34
Suppose 4*c = -8 - 40. Let d(n) = -6*n - 49 + 15 - 3 + 5. What is the remainder when d(c) is divided by 9?
4
What is the remainder when (0 + -15)*((-896)/20 - -16) is divided by 53?
8
Let w = 163 - 71. Let n = -35942 + 35992. Calculate the remainder when w is divided by n.
42
Suppose -10421*h + 10432*h - 36245 = 0. Calculate the remainder when h is divided by 21.
19
Let f(x) = -3*x**2 + 19*x - 19. What is the remainder when 279 is divided by f(3)?
4
What is the remainder when (-2)/10*5*-338 is divided by (-1 - -2)*(-4)/(-4)*87?
77
Let t(n) = 2*n**3 - 4*n**2 - 2*n + 4. Let i be t(3). Suppose 9*h - i = 218. Calculate the remainder when h is divided by (0 - -12) + (15 - 18).
8
Let v(g) = -g**3 + g**2 + 73*g + 18. Let c be v(-9). Suppose -s + 187 = 5*z, s - 2*z - z = c. What is the remainder when s is divided by 59?
0
Suppose 5*x + 0*g - 4*g - 925 = 0, -4*x + 5*g + 740 = 0. Suppose 0 = 3*m + 2*h - 343 - x, -5*m = 4*h - 880. Calculate the remainder when m is divided by 36.
32
Let s be 47 + -4*12/(-8). Suppose 31 = 4*j - s. Calculate the remainder when 30 is divided by j.
9
Suppose -4*i + 2916 = -38*x + 42*x, -3*i = 5*x - 3639. What is the remainder when x is divided by 56?
54
Let g(d) = 42*d - 16. Let w be g(1). Let b = 118 - w. What is the remainder when b is divided by 26?
14
Let b = 143 - 147. Let u be 300 + b/(-4)*(-1 + 3). Calculate the remainder when 117 is divided by ((-15)/3)/25 + u/10.
27
Let h(s) = s**2 - 5*s + 6. Let f be h(4). Suppose -4*k - f = -6*k. What is the remainder when k is divided by (-6)/(-7) + ((-104)/91)/(-8)?
0
Let c(o) = o**2 - 4*o - 13. Suppose 2*z = u + 171 - 197, 4*u + 5*z - 117 = 0. What is the remainder when c(12) is divided by u?
27
Suppose -3*q - 568 = -598. Suppose q*v - 102 = 4*v. What is the remainder when 43 is divided by v?
9
Let w(x) = -x**3 + 12*x**2 + 14*x - 38. Let h(d) = d**3 - 30*d**2 - 3*d + 101. Let n be h(30). What is the remainder when w(n) is divided by 30?
27
Suppose -31*u = -618 + 334 - 1731. Calculate the remainder when 211 is divided by u.
16
Let t = 156 - 81. Let k = -4481 + 4488. Calculate the remainder when t is divided by k.
5
Let i = 200 - 134. Let p(n) = 2*n**2 - 27*n - 8. Let k be p(14). Suppose -k*b - 79 = -283. Calculate the remainder when i is divided by b.
32
What is the remainder when (116/(-145))/(6830/(-975) + 2 + 5) is divided by 16?
12
Let t = 13475 - 13376. Let m be 222/(-8) - 3/12. Let o = m + 45. Calculate the remainder when t is divided by o.
14
Suppose 2*z - 9*z = -5*u - 1792, 2*z - 5*u = 512. Calculate the remainder when 965 is divided by z.
197
Let c(a) be the third derivative of a**5/30 + 13*a**4/6 - 161*a**3/6 - 2*a**2 - 132*a. Calculate the remainder when 753 is divided by c(-29).
12
Let x(b) = b**3 - 14*b**2 + 14*b - 12. Let j be x(13). Let g be (5*(-2)/(-30))/(j/393). Let s = g + -93. Calculate the remainder when s is divided by 8.
6
What is the remainder when 110 is divided by (9 - 5)/((-8)/(-12)) - (-3 + 1)?
6
Let t(z) = z - 7. Let q be t(7). Suppose 5*x - 2*w - 47 = q, x = -3*x - 2*w + 34. Suppose -2*m - 1 = -x. Calculate the remainder when 7 is divided by m.
3
Let d = 38 - -48. Suppose 5*r - d = 24. What is the remainder when 106 is divided by r?
18
Suppose 19*a - 22 - 111 = 0. Let y(i) = i**3 - 13*i**2 + 13*i - 6. Let o = 20 + -8. What is the remainder when a is divided by y(o)?
1
Suppose -t + 2*t + 3*j - 18 = 0, t + j = 12. Suppose -132 + 366 = -t*x. Calculate the remainder when 2/4*-2*x is divided by 11.
4
Let c(h) = 53*h + 1. Let r = -118490 + 118524. What is the remainder when c(7) is divided by r?
32
Let m(x) = x**2 + 6*x - 13. Let v be m(9). Let a = 3 + v. Suppose 78 = 7*l - a. What is the remainder when 111 is divided by l?
24
Let d(s) = s**3 - 9*s**2 - 2*s + 72. What is the remainder when 4*(-2)/(-8) + 214 is divided by d(9)?
53
Let s(y) = 15*y - 39. Let b be s(13). Let q = -116 + b. Calculate the remainder when q is divided by 2.
0
Suppose 11*l - 41*l + 3132 = -3*l. What is the remainder when 240 is divided by l?
8
Let v be 30/(-4)*(-8)/12. Suppose 4*t + 3*u - 218 = 0, v = 2*u + 1. What is the remainder when t is divided by 1/(-2)*1*-38?
15
Let s(z) = 585*z**2 + 3*z - 12. What is the remainder when s(3) is divided by 155?
147
Calculate the remainder when 139 - 144 - (0 - 0 - (-1 - -39)) is divided by (-416)/(-20) + 4/(-5).
13
Let f be ((-14940)/150)/((4/(-10))/1). Suppose -c + 4*m = -f, -3*c + 58*m = 60*m - 719. Calculate the remainder when c is divided by 62.
55
Let d = 15821 + -15814. What is the remainder when 1532 is divided by d?
6
Suppose 4*b + 15 = 3*p, 0 = 5*p - 4*b - 97 + 64. Calculate the remainder when 4192 is divided by p.
7
Suppose -9 = -w + 3*s + 6, -9 = -w + s. Suppose t + k = 21, t - k - 25 = -w*k. Calculate the remainder when 98 is divided by t.
18
Let f = 7 - 3. Let d(s) = 4*s**2 - 73*s + 37. Let t be d(18). Calculate the remainder when (t - 1)/((-60)/(-9) - 6) is divided by f.
3
Let q = -34174 - -34331. Calculate the remainder when 377 is divided by q.
63
Let x = 256 - 248. Calculate the remainder when 105 is divided by (2241/36 - x) + 2/(-8).
51
Suppose 27 - 369 = -d. Let u = d + -189. Suppose 5*g - 6*g + 31 = 5*s, 5*s + u = 3*g. What is the remainder when 89 is divided by g?
43
Suppose w - 391 = -160. Suppose 0 = 12*r - w - 1557. What is the remainder when r is divided by 19?
16
Suppose -628*b + 396375 = -275585. Calculate the remainder when b is divided by 47.
36
Let s = -1649 - -1717. Let q(c) = 2*c**2 + 3*c + 338. Calculate the remainder when q(0) is divided by s.
66
Suppose 7*v = 6*v + 22. Let i = 64 + -64. Suppose p - 4 = 0, i*g + 18 = g + 3*p. Calculate the remainder when v is divided by g.
4
Let r = 1061 - 1027. Calculate the remainder when 2/(-7) - 5664/(-28) is divided by r.
32
Suppose 6644*h = 6517*h + 6604. What is the remainder when 182 is divided by h?
26
Let c(r) = 3*r**2 + 15*r + 11. Let i be c(3). Let j = 151 - i. Calculate the remainder when 473 is divided by j.
65
Let k = -11219 + 17865. What is the remainder when k is divided by 10?
6
Suppose 0 = -78*n + 75*n + 21. Let a(m) = -m**2 + 11*m + 14. Calculate the remainder when 78 is divided by a(n).
36
Suppose 3*y + 7 = -2*v, v + 0 + 4 = -2*y. What is the remainder when 81 is divided by (0 - v) + (-48)/(2/(-1))?
3
Let w = 157 - 199. What is the remainder when 69 is divided by 32/(-12)*w/8?
13
Suppose 0 = -b + 3 + 2. Suppose 12*f - 636 + 168 = 0. Suppose -20 = f*r - 44*r. What is the remainder when b is divided by r?
1
Suppose -1239*c - 9870 = -1333*c. Let u(t) = -t + 3. What is the remainder when c is divided by u(-8)?
6
Let d(y) = -735*y + 5839. What is the remainder when d(7) is divided by 5?
4
Let p = 10081 - 9000. What is the remainder when p is divided by 110?
91
Let b be (14328/(-54))/((-2)/(-3)). Let y = b - -635. What is the remainder when y is divided by 16?
13
Let p be (-2061)/12 - (18/8)/(-3). Let m = 52 - p. Calculate the remainder when m is divided by 76.
71
Let t(v) = -166*v + 124. What is the remainder when t(0) is divided by 21?
19
Let j = 614 - 1078. Let i = 531 + j. Calculate the remainder when i is divided by 28.
11
Let j = -193 + 198. What is the remainder when (24/j)/(2/95) is divided by 7?
4
Suppose 2*s - 4*q = 122, 2*s - 40 = 5*q + 77. Calculate the remainder when 8588 is divided by s.
68
Suppose -2369 = -6*z - 1667. What is the remainder when z is divided by 5/((-2)/(24/(-3)))?
17
What is the remainder when 8 + 3710/10 - -16 is divided by 104?
83
Let b be (-8043)/(-84) + (-2)/(-8)*-3. Let n = -38 + 14. Let i = b - n. What is the remainder when i is divided by 12?
11
Let z = 3 + -8. Let x(b) be the second derivative of -7*b**3/3 - 35*b**2/2 + 22*b - 10. What is the remainder when x(z) is divided by 18?
17
Let q = -897 + 901. Calculate the remainder when 69 is divided by (-51)/(-7) + q + 120/(-28).
6
What is the remainder when ((-2)/2)/((-5)/655) is divided by (-6)/(-20) - (-53)/((-18550)/(-5145))?
11
Let d = 420 - 373. Let g(b) = b**2 + 25*b - 190. Calculate the 